{"id":153,"date":"2024-01-04T23:03:41","date_gmt":"2024-01-04T21:03:41","guid":{"rendered":"https:\/\/maha.ro\/home\/?page_id=153"},"modified":"2024-12-12T01:28:49","modified_gmt":"2024-12-11T23:28:49","slug":"livrare-si-plata","status":"publish","type":"page","link":"https:\/\/maha.ro\/home\/livrare-si-plata\/","title":{"rendered":"Livrare \u015fi plat\u0103"},"content":{"rendered":"<p><strong>V\u0103 propunem urm\u0103toarele modalit\u0103\u0163i de ob\u0163inere a produselor comandate:<\/strong><\/p>\n<p>\u00cen cazul achizi\u0163iei unui serviciu aceasta se face automat, f\u0103r\u0103 necesitatea unei livr\u0103ri efective.<\/p>\n<p style=\"text-align: justify;\">\u00cen cazul achizi\u0163iei unui produs,<\/p>\n<ul style=\"text-align: justify;\">\n<li><strong>a)<\/strong> pute\u0163i veni la sediul nostru s\u0103 ridica\u0163i produsul\/produsele, sau<\/li>\n<li><strong>b)<\/strong> \u00een cazul \u00een care v\u0103 afla\u0163i \u00een raza zonei Bucure\u015fti, ne deplas\u0103m noi la dvs, mai ales c\u00e2nd solicita\u0163i \u015fi alte servicii suplimentare (instalare, punere \u00een func\u0163iune, integrarea \u00een re\u0163eaua pe care o de\u0163ine\u0163i deja, \u00eenc\u0103rcare cartu\u015fe cernel\u0103 de imprimant\u0103, etc), sau<\/li>\n<li><strong>c)<\/strong> v\u0103 trimitem produsul\/produsele prin curier rapid, at\u00e2t loco \u00een Bucure\u015fti, c\u00e2t \u015fi \u00een \u0163ar\u0103.<\/li>\n<\/ul>\n<p style=\"text-align: justify;\">\u00cen func\u0163ie de alegerea dvs, (a, b sau c), de tipul de servicii suplimentare, de dimensiunea \u015fi greutatea pachetului dvs, c\u00e2t \u015fi loca\u0163ia unde va fi livrat pachetul, v\u0103 comunic\u0103m \u00een prealabil aceast\u0103 sum\u0103 de plat\u0103 suplimentar\u0103. Dup\u0103 ce v\u0103 ve\u0163i da acordul, vom trece la pasul final \u015fi plata conex\u0103 alegerii dvs, urm\u00e2nd ca apoi\u00a0produsul\u00a0s\u0103 fie livrat la adresa men\u0163ionat\u0103 de dvs.<\/p>\n<p style=\"text-align: justify;\"><strong style=\"font-size: 12.8px;\">Plata se poate face:<\/strong><\/p>\n<ul>\n<li style=\"text-align: justify;\"><strong>1)<\/strong> \u00een numerar (\u00een limita reglement\u0103rilor legale), dac\u0103 veni\u0163i la sediu sau venim noi la dvs,<\/li>\n<li style=\"text-align: justify;\"><strong>2)<\/strong> plata ramburs (v\u0103 vom comunica eventualele taxe suplimentare pentru acest serviciu),<\/li>\n<li style=\"text-align: justify;\"><strong>3)<\/strong> plat\u0103 prin virament bancar, sau<\/li>\n<li style=\"text-align: justify;\"><strong>4)<\/strong> plat\u0103 cu cardul.<\/li>\n<\/ul>\n<p><em>Pentru alte detalii \u015fi elemente neprev\u0103zute mai sus, v\u0103 rug\u0103m s\u0103 ne contacta\u0163i prin accesul la op\u0163iunea<\/em> <a style=\"color: #000000;\" href=\"https:\/\/maha.ro\/home\/contact\/\"><i>Contact<\/i><\/a>, <em>din Meniul principal.<\/em><\/p>\n<p><iframe loading=\"lazy\" src=\"https:\/\/maps.google.com\/maps?q=Istriei%2C%20Bucuresti&amp;t=m&amp;z=16&amp;output=embed&amp;iwloc=near\" width=\"888\" height=\"444\" frameborder=\"0\" marginwidth=\"0\" marginheight=\"0\" scrolling=\"no\" aria-label=\"Istriei, Bucuresti\"><\/iframe><\/p>\n","protected":false},"excerpt":{"rendered":"<p>V\u0103 propunem urm\u0103toarele modalit\u0103\u0163i de ob\u0163inere a produselor comandate:<\/p>\n<p>\u00cen cazul achizi\u0163iei unui serviciu aceasta se face automat, f\u0103r\u0103 necesitatea unei livr\u0103ri efective.<\/p>\n<p style=\"text-align: justify;\">\u00cen cazul achizi\u0163iei unui produs,<\/p>\n<p> a) pute\u0163i veni la sediul nostru s\u0103 ridica\u0163i produsul\/produsele, sau b) \u00een cazul \u00een care v\u0103 afla\u0163i \u00een raza zonei Bucure\u015fti, ne deplas\u0103m noi la [&#8230;]<\/p>\n","protected":false},"author":1,"featured_media":0,"parent":0,"menu_order":0,"comment_status":"closed","ping_status":"closed","template":"","meta":{"footnotes":""},"class_list":["post-153","page","type-page","status-publish","hentry","odd"],"_links":{"self":[{"href":"https:\/\/maha.ro\/home\/wp-json\/wp\/v2\/pages\/153","targetHints":{"allow":["GET"]}}],"collection":[{"href":"https:\/\/maha.ro\/home\/wp-json\/wp\/v2\/pages"}],"about":[{"href":"https:\/\/maha.ro\/home\/wp-json\/wp\/v2\/types\/page"}],"author":[{"embeddable":true,"href":"https:\/\/maha.ro\/home\/wp-json\/wp\/v2\/users\/1"}],"replies":[{"embeddable":true,"href":"https:\/\/maha.ro\/home\/wp-json\/wp\/v2\/comments?post=153"}],"version-history":[{"count":17,"href":"https:\/\/maha.ro\/home\/wp-json\/wp\/v2\/pages\/153\/revisions"}],"predecessor-version":[{"id":295,"href":"https:\/\/maha.ro\/home\/wp-json\/wp\/v2\/pages\/153\/revisions\/295"}],"wp:attachment":[{"href":"https:\/\/maha.ro\/home\/wp-json\/wp\/v2\/media?parent=153"}],"curies":[{"name":"wp","href":"https:\/\/api.w.org\/{rel}","templated":true}]}}