{"id":132,"date":"2022-11-13T02:14:13","date_gmt":"2022-11-13T00:14:13","guid":{"rendered":"https:\/\/maha.ro\/home\/?post_type=product&#038;p=132"},"modified":"2025-02-27T02:59:31","modified_gmt":"2025-02-27T00:59:31","slug":"servicii-it-remote-control-la-distanta-cu-programare","status":"publish","type":"product","link":"https:\/\/maha.ro\/home\/produs\/servicii-it-remote-control-la-distanta-cu-programare\/","title":{"rendered":"Servicii IT &#8211; Remote control (la distan\u0163\u0103) &#8211; cu Programare"},"content":{"rendered":"<p>Servicii IT &#8211; Remote control (la distan\u0163\u0103) &#8211; <strong>cu Programare<\/strong><\/p>\n","protected":false},"excerpt":{"rendered":"<p>Servicii IT &#8211; Remote control (la distan\u0163\u0103) &#8211; <strong>cu Programare<\/strong> [&#8230;]<\/p>\n","protected":false},"featured_media":127,"comment_status":"closed","ping_status":"closed","template":"","meta":[],"product_brand":[],"product_cat":[20,23],"product_tag":[],"class_list":{"0":"post-132","1":"product","2":"type-product","3":"status-publish","4":"has-post-thumbnail","6":"product_cat-servicii-it","7":"product_cat-servicii-it-remote-control-cu-programare","8":"odd","10":"first","11":"instock","12":"virtual","13":"purchasable","14":"product-type-simple"},"_links":{"self":[{"href":"https:\/\/maha.ro\/home\/wp-json\/wp\/v2\/product\/132","targetHints":{"allow":["GET"]}}],"collection":[{"href":"https:\/\/maha.ro\/home\/wp-json\/wp\/v2\/product"}],"about":[{"href":"https:\/\/maha.ro\/home\/wp-json\/wp\/v2\/types\/product"}],"replies":[{"embeddable":true,"href":"https:\/\/maha.ro\/home\/wp-json\/wp\/v2\/comments?post=132"}],"wp:featuredmedia":[{"embeddable":true,"href":"https:\/\/maha.ro\/home\/wp-json\/wp\/v2\/media\/127"}],"wp:attachment":[{"href":"https:\/\/maha.ro\/home\/wp-json\/wp\/v2\/media?parent=132"}],"wp:term":[{"taxonomy":"product_brand","embeddable":true,"href":"https:\/\/maha.ro\/home\/wp-json\/wp\/v2\/product_brand?post=132"},{"taxonomy":"product_cat","embeddable":true,"href":"https:\/\/maha.ro\/home\/wp-json\/wp\/v2\/product_cat?post=132"},{"taxonomy":"product_tag","embeddable":true,"href":"https:\/\/maha.ro\/home\/wp-json\/wp\/v2\/product_tag?post=132"}],"curies":[{"name":"wp","href":"https:\/\/api.w.org\/{rel}","templated":true}]}}